{"id":11,"date":"2024-02-20T14:04:06","date_gmt":"2024-02-20T13:04:06","guid":{"rendered":"http:\/\/mojapolanka.org\/?page_id=11"},"modified":"2024-06-05T09:47:21","modified_gmt":"2024-06-05T07:47:21","slug":"informacje","status":"publish","type":"page","link":"https:\/\/mojapolanka.org\/?page_id=11","title":{"rendered":"My\u015bl"},"content":{"rendered":"\n<p><em><strong>\u201eMi\u0142o\u015b\u0107 do regionu to doskona\u0142a droga do nauczania<br>mi\u0142o\u015bci Ojczyzny.<\/strong>(\u2026) Za to kszta\u0142cenie pozostajemy<br>odpowiedzialni przed Bogiem i histori\u0105.\u201d<\/em><br>Florian Plit, \u201e\u015awi\u0119ta mi\u0142o\u015bci kochanej ojczyzny\u2026\u201d<\/p>\n","protected":false},"excerpt":{"rendered":"<p>\u201eMi\u0142o\u015b\u0107 do regionu to doskona\u0142a droga do nauczaniami\u0142o\u015bci Ojczyzny.(\u2026) Za to kszta\u0142cenie pozostajemyodpowiedzialni przed Bogiem i histori\u0105.\u201dFlorian Plit, \u201e\u015awi\u0119ta mi\u0142o\u015bci kochanej ojczyzny\u2026\u201d<\/p>\n","protected":false},"author":1,"featured_media":71,"parent":0,"menu_order":0,"comment_status":"closed","ping_status":"closed","template":"","meta":{"footnotes":""},"class_list":["post-11","page","type-page","status-publish","has-post-thumbnail","hentry"],"_links":{"self":[{"href":"https:\/\/mojapolanka.org\/index.php?rest_route=\/wp\/v2\/pages\/11","targetHints":{"allow":["GET"]}}],"collection":[{"href":"https:\/\/mojapolanka.org\/index.php?rest_route=\/wp\/v2\/pages"}],"about":[{"href":"https:\/\/mojapolanka.org\/index.php?rest_route=\/wp\/v2\/types\/page"}],"author":[{"embeddable":true,"href":"https:\/\/mojapolanka.org\/index.php?rest_route=\/wp\/v2\/users\/1"}],"replies":[{"embeddable":true,"href":"https:\/\/mojapolanka.org\/index.php?rest_route=%2Fwp%2Fv2%2Fcomments&post=11"}],"version-history":[{"count":5,"href":"https:\/\/mojapolanka.org\/index.php?rest_route=\/wp\/v2\/pages\/11\/revisions"}],"predecessor-version":[{"id":89,"href":"https:\/\/mojapolanka.org\/index.php?rest_route=\/wp\/v2\/pages\/11\/revisions\/89"}],"wp:featuredmedia":[{"embeddable":true,"href":"https:\/\/mojapolanka.org\/index.php?rest_route=\/wp\/v2\/media\/71"}],"wp:attachment":[{"href":"https:\/\/mojapolanka.org\/index.php?rest_route=%2Fwp%2Fv2%2Fmedia&parent=11"}],"curies":[{"name":"wp","href":"https:\/\/api.w.org\/{rel}","templated":true}]}}